{"id":2469,"date":"2022-10-14T16:31:03","date_gmt":"2022-10-14T16:31:03","guid":{"rendered":"https:\/\/pascoal.pt\/Psc\/?page_id=2469"},"modified":"2022-10-14T17:09:51","modified_gmt":"2022-10-14T17:09:51","slug":"petit-gateau-chocolate-branco-e-negro","status":"publish","type":"page","link":"https:\/\/pascoal.pt\/Psc\/produtos\/sobremesas\/petit-gateau-chocolate-branco-e-negro\/","title":{"rendered":"Petit G\u00e2teau Chocolate Branco e Negro"},"content":{"rendered":"","protected":false},"excerpt":{"rendered":"","protected":false},"author":1,"featured_media":0,"parent":785,"menu_order":0,"comment_status":"closed","ping_status":"closed","template":"","meta":{"_monsterinsights_skip_tracking":false,"_monsterinsights_sitenote_active":false,"_monsterinsights_sitenote_note":"","_monsterinsights_sitenote_category":0},"yoast_head":"<!-- This site is optimized with the Yoast SEO plugin v20.9 - https:\/\/yoast.com\/wordpress\/plugins\/seo\/ -->\n<title>Petit G\u00e2teau Chocolate Branco e Negro - \u00c9 bom, \u00e9 Pascoal.<\/title>\n<meta name=\"description\" content=\"O Petit G\u00e2teau de Chocolate Branco e Negro Pascoal \u00e9 a sobremesa perfeita num \u00fanico bolinho, de cora\u00e7\u00e3o repleto de fondant cremoso.\" \/>\n<meta name=\"robots\" content=\"noindex, nofollow\" \/>\n<meta property=\"og:locale\" content=\"pt_PT\" \/>\n<meta property=\"og:type\" content=\"article\" \/>\n<meta property=\"og:title\" content=\"Petit G\u00e2teau Chocolate Branco e Negro - \u00c9 bom, \u00e9 Pascoal.\" \/>\n<meta property=\"og:description\" content=\"O Petit G\u00e2teau de Chocolate Branco e Negro Pascoal \u00e9 a sobremesa perfeita num \u00fanico bolinho, de cora\u00e7\u00e3o repleto de fondant cremoso.\" \/>\n<meta property=\"og:url\" content=\"https:\/\/pascoal.pt\/Psc\/produtos\/sobremesas\/petit-gateau-chocolate-branco-e-negro\/\" \/>\n<meta property=\"og:site_name\" content=\"Pascoal\" \/>\n<meta property=\"article:modified_time\" content=\"2022-10-14T17:09:51+00:00\" \/>\n<meta name=\"twitter:card\" content=\"summary_large_image\" \/>\n<script type=\"application\/ld+json\" class=\"yoast-schema-graph\">{\"@context\":\"https:\/\/schema.org\",\"@graph\":[{\"@type\":\"WebPage\",\"@id\":\"https:\/\/pascoal.pt\/Psc\/produtos\/sobremesas\/petit-gateau-chocolate-branco-e-negro\/\",\"url\":\"https:\/\/pascoal.pt\/Psc\/produtos\/sobremesas\/petit-gateau-chocolate-branco-e-negro\/\",\"name\":\"Petit G\u00e2teau Chocolate Branco e Negro - \u00c9 bom, \u00e9 Pascoal.\",\"isPartOf\":{\"@id\":\"https:\/\/pascoal.pt\/Psc\/#website\"},\"datePublished\":\"2022-10-14T16:31:03+00:00\",\"dateModified\":\"2022-10-14T17:09:51+00:00\",\"description\":\"O Petit G\u00e2teau de Chocolate Branco e Negro Pascoal \u00e9 a sobremesa perfeita num \u00fanico bolinho, de cora\u00e7\u00e3o repleto de fondant cremoso.\",\"breadcrumb\":{\"@id\":\"https:\/\/pascoal.pt\/Psc\/produtos\/sobremesas\/petit-gateau-chocolate-branco-e-negro\/#breadcrumb\"},\"inLanguage\":\"pt-PT\",\"potentialAction\":[{\"@type\":\"ReadAction\",\"target\":[\"https:\/\/pascoal.pt\/Psc\/produtos\/sobremesas\/petit-gateau-chocolate-branco-e-negro\/\"]}]},{\"@type\":\"BreadcrumbList\",\"@id\":\"https:\/\/pascoal.pt\/Psc\/produtos\/sobremesas\/petit-gateau-chocolate-branco-e-negro\/#breadcrumb\",\"itemListElement\":[{\"@type\":\"ListItem\",\"position\":1,\"name\":\"In\u00edcio\",\"item\":\"https:\/\/pascoal.pt\/Psc\/\"},{\"@type\":\"ListItem\",\"position\":2,\"name\":\"Produtos\",\"item\":\"https:\/\/pascoal.pt\/Psc\/produtos\/\"},{\"@type\":\"ListItem\",\"position\":3,\"name\":\"Sobremesas\",\"item\":\"https:\/\/pascoal.pt\/Psc\/produtos\/sobremesas\/\"},{\"@type\":\"ListItem\",\"position\":4,\"name\":\"Petit G\u00e2teau Chocolate Branco e Negro\"}]},{\"@type\":\"WebSite\",\"@id\":\"https:\/\/pascoal.pt\/Psc\/#website\",\"url\":\"https:\/\/pascoal.pt\/Psc\/\",\"name\":\"Pascoal\",\"description\":\"Bacalhau \u00e9 Pascoal\",\"potentialAction\":[{\"@type\":\"SearchAction\",\"target\":{\"@type\":\"EntryPoint\",\"urlTemplate\":\"https:\/\/pascoal.pt\/Psc\/?s={search_term_string}\"},\"query-input\":\"required name=search_term_string\"}],\"inLanguage\":\"pt-PT\"}]}<\/script>\n<!-- \/ Yoast SEO plugin. -->","yoast_head_json":{"title":"Petit G\u00e2teau Chocolate Branco e Negro - \u00c9 bom, \u00e9 Pascoal.","description":"O Petit G\u00e2teau de Chocolate Branco e Negro Pascoal \u00e9 a sobremesa perfeita num \u00fanico bolinho, de cora\u00e7\u00e3o repleto de fondant cremoso.","robots":{"index":"noindex","follow":"nofollow"},"og_locale":"pt_PT","og_type":"article","og_title":"Petit G\u00e2teau Chocolate Branco e Negro - \u00c9 bom, \u00e9 Pascoal.","og_description":"O Petit G\u00e2teau de Chocolate Branco e Negro Pascoal \u00e9 a sobremesa perfeita num \u00fanico bolinho, de cora\u00e7\u00e3o repleto de fondant cremoso.","og_url":"https:\/\/pascoal.pt\/Psc\/produtos\/sobremesas\/petit-gateau-chocolate-branco-e-negro\/","og_site_name":"Pascoal","article_modified_time":"2022-10-14T17:09:51+00:00","twitter_card":"summary_large_image","schema":{"@context":"https:\/\/schema.org","@graph":[{"@type":"WebPage","@id":"https:\/\/pascoal.pt\/Psc\/produtos\/sobremesas\/petit-gateau-chocolate-branco-e-negro\/","url":"https:\/\/pascoal.pt\/Psc\/produtos\/sobremesas\/petit-gateau-chocolate-branco-e-negro\/","name":"Petit G\u00e2teau Chocolate Branco e Negro - \u00c9 bom, \u00e9 Pascoal.","isPartOf":{"@id":"https:\/\/pascoal.pt\/Psc\/#website"},"datePublished":"2022-10-14T16:31:03+00:00","dateModified":"2022-10-14T17:09:51+00:00","description":"O Petit G\u00e2teau de Chocolate Branco e Negro Pascoal \u00e9 a sobremesa perfeita num \u00fanico bolinho, de cora\u00e7\u00e3o repleto de fondant cremoso.","breadcrumb":{"@id":"https:\/\/pascoal.pt\/Psc\/produtos\/sobremesas\/petit-gateau-chocolate-branco-e-negro\/#breadcrumb"},"inLanguage":"pt-PT","potentialAction":[{"@type":"ReadAction","target":["https:\/\/pascoal.pt\/Psc\/produtos\/sobremesas\/petit-gateau-chocolate-branco-e-negro\/"]}]},{"@type":"BreadcrumbList","@id":"https:\/\/pascoal.pt\/Psc\/produtos\/sobremesas\/petit-gateau-chocolate-branco-e-negro\/#breadcrumb","itemListElement":[{"@type":"ListItem","position":1,"name":"In\u00edcio","item":"https:\/\/pascoal.pt\/Psc\/"},{"@type":"ListItem","position":2,"name":"Produtos","item":"https:\/\/pascoal.pt\/Psc\/produtos\/"},{"@type":"ListItem","position":3,"name":"Sobremesas","item":"https:\/\/pascoal.pt\/Psc\/produtos\/sobremesas\/"},{"@type":"ListItem","position":4,"name":"Petit G\u00e2teau Chocolate Branco e Negro"}]},{"@type":"WebSite","@id":"https:\/\/pascoal.pt\/Psc\/#website","url":"https:\/\/pascoal.pt\/Psc\/","name":"Pascoal","description":"Bacalhau \u00e9 Pascoal","potentialAction":[{"@type":"SearchAction","target":{"@type":"EntryPoint","urlTemplate":"https:\/\/pascoal.pt\/Psc\/?s={search_term_string}"},"query-input":"required name=search_term_string"}],"inLanguage":"pt-PT"}]}},"_links":{"self":[{"href":"https:\/\/pascoal.pt\/Psc\/wp-json\/wp\/v2\/pages\/2469"}],"collection":[{"href":"https:\/\/pascoal.pt\/Psc\/wp-json\/wp\/v2\/pages"}],"about":[{"href":"https:\/\/pascoal.pt\/Psc\/wp-json\/wp\/v2\/types\/page"}],"author":[{"embeddable":true,"href":"https:\/\/pascoal.pt\/Psc\/wp-json\/wp\/v2\/users\/1"}],"replies":[{"embeddable":true,"href":"https:\/\/pascoal.pt\/Psc\/wp-json\/wp\/v2\/comments?post=2469"}],"version-history":[{"count":1,"href":"https:\/\/pascoal.pt\/Psc\/wp-json\/wp\/v2\/pages\/2469\/revisions"}],"predecessor-version":[{"id":2471,"href":"https:\/\/pascoal.pt\/Psc\/wp-json\/wp\/v2\/pages\/2469\/revisions\/2471"}],"up":[{"embeddable":true,"href":"https:\/\/pascoal.pt\/Psc\/wp-json\/wp\/v2\/pages\/785"}],"wp:attachment":[{"href":"https:\/\/pascoal.pt\/Psc\/wp-json\/wp\/v2\/media?parent=2469"}],"curies":[{"name":"wp","href":"https:\/\/api.w.org\/{rel}","templated":true}]}}