{"id":1108,"date":"2018-10-23T07:42:34","date_gmt":"2018-10-23T07:42:34","guid":{"rendered":"http:\/\/pascoal.pt\/Psc\/?page_id=1108"},"modified":"2018-11-05T09:47:33","modified_gmt":"2018-11-05T09:47:33","slug":"panna-cotta","status":"publish","type":"page","link":"https:\/\/pascoal.pt\/Psc\/produtos\/sobremesas\/panna-cotta\/","title":{"rendered":"Panna Cotta"},"content":{"rendered":"","protected":false},"excerpt":{"rendered":"","protected":false},"author":1,"featured_media":0,"parent":785,"menu_order":0,"comment_status":"closed","ping_status":"closed","template":"","meta":{"_monsterinsights_skip_tracking":false,"_monsterinsights_sitenote_active":false,"_monsterinsights_sitenote_note":"","_monsterinsights_sitenote_category":0},"yoast_head":"<!-- This site is optimized with the Yoast SEO plugin v20.9 - https:\/\/yoast.com\/wordpress\/plugins\/seo\/ -->\n<title>Panna Cotta - \u00c9 bom, \u00e9 Pascoal.<\/title>\n<meta name=\"description\" content=\"A Panna Cotta Pascoal \u00e9 uma sobremesa deliciosa que pode ser complementada com um couli de fruta a gosto, para um perfeito final de refei\u00e7\u00e3o.\" \/>\n<meta name=\"robots\" content=\"noindex, nofollow\" \/>\n<meta property=\"og:locale\" content=\"pt_PT\" \/>\n<meta property=\"og:type\" content=\"article\" \/>\n<meta property=\"og:title\" content=\"Panna Cotta - \u00c9 bom, \u00e9 Pascoal.\" \/>\n<meta property=\"og:description\" content=\"A Panna Cotta Pascoal \u00e9 uma sobremesa deliciosa que pode ser complementada com um couli de fruta a gosto, para um perfeito final de refei\u00e7\u00e3o.\" \/>\n<meta property=\"og:url\" content=\"https:\/\/pascoal.pt\/Psc\/produtos\/sobremesas\/panna-cotta\/\" \/>\n<meta property=\"og:site_name\" content=\"Pascoal\" \/>\n<meta property=\"article:modified_time\" content=\"2018-11-05T09:47:33+00:00\" \/>\n<meta name=\"twitter:card\" content=\"summary_large_image\" \/>\n<script type=\"application\/ld+json\" class=\"yoast-schema-graph\">{\"@context\":\"https:\/\/schema.org\",\"@graph\":[{\"@type\":\"WebPage\",\"@id\":\"https:\/\/pascoal.pt\/Psc\/produtos\/sobremesas\/panna-cotta\/\",\"url\":\"https:\/\/pascoal.pt\/Psc\/produtos\/sobremesas\/panna-cotta\/\",\"name\":\"Panna Cotta - \u00c9 bom, \u00e9 Pascoal.\",\"isPartOf\":{\"@id\":\"https:\/\/pascoal.pt\/Psc\/#website\"},\"datePublished\":\"2018-10-23T07:42:34+00:00\",\"dateModified\":\"2018-11-05T09:47:33+00:00\",\"description\":\"A Panna Cotta Pascoal \u00e9 uma sobremesa deliciosa que pode ser complementada com um couli de fruta a gosto, para um perfeito final de refei\u00e7\u00e3o.\",\"breadcrumb\":{\"@id\":\"https:\/\/pascoal.pt\/Psc\/produtos\/sobremesas\/panna-cotta\/#breadcrumb\"},\"inLanguage\":\"pt-PT\",\"potentialAction\":[{\"@type\":\"ReadAction\",\"target\":[\"https:\/\/pascoal.pt\/Psc\/produtos\/sobremesas\/panna-cotta\/\"]}]},{\"@type\":\"BreadcrumbList\",\"@id\":\"https:\/\/pascoal.pt\/Psc\/produtos\/sobremesas\/panna-cotta\/#breadcrumb\",\"itemListElement\":[{\"@type\":\"ListItem\",\"position\":1,\"name\":\"In\u00edcio\",\"item\":\"https:\/\/pascoal.pt\/Psc\/\"},{\"@type\":\"ListItem\",\"position\":2,\"name\":\"Produtos\",\"item\":\"https:\/\/pascoal.pt\/Psc\/produtos\/\"},{\"@type\":\"ListItem\",\"position\":3,\"name\":\"Sobremesas\",\"item\":\"https:\/\/pascoal.pt\/Psc\/produtos\/sobremesas\/\"},{\"@type\":\"ListItem\",\"position\":4,\"name\":\"Panna Cotta\"}]},{\"@type\":\"WebSite\",\"@id\":\"https:\/\/pascoal.pt\/Psc\/#website\",\"url\":\"https:\/\/pascoal.pt\/Psc\/\",\"name\":\"Pascoal\",\"description\":\"Bacalhau \u00e9 Pascoal\",\"potentialAction\":[{\"@type\":\"SearchAction\",\"target\":{\"@type\":\"EntryPoint\",\"urlTemplate\":\"https:\/\/pascoal.pt\/Psc\/?s={search_term_string}\"},\"query-input\":\"required name=search_term_string\"}],\"inLanguage\":\"pt-PT\"}]}<\/script>\n<!-- \/ Yoast SEO plugin. -->","yoast_head_json":{"title":"Panna Cotta - \u00c9 bom, \u00e9 Pascoal.","description":"A Panna Cotta Pascoal \u00e9 uma sobremesa deliciosa que pode ser complementada com um couli de fruta a gosto, para um perfeito final de refei\u00e7\u00e3o.","robots":{"index":"noindex","follow":"nofollow"},"og_locale":"pt_PT","og_type":"article","og_title":"Panna Cotta - \u00c9 bom, \u00e9 Pascoal.","og_description":"A Panna Cotta Pascoal \u00e9 uma sobremesa deliciosa que pode ser complementada com um couli de fruta a gosto, para um perfeito final de refei\u00e7\u00e3o.","og_url":"https:\/\/pascoal.pt\/Psc\/produtos\/sobremesas\/panna-cotta\/","og_site_name":"Pascoal","article_modified_time":"2018-11-05T09:47:33+00:00","twitter_card":"summary_large_image","schema":{"@context":"https:\/\/schema.org","@graph":[{"@type":"WebPage","@id":"https:\/\/pascoal.pt\/Psc\/produtos\/sobremesas\/panna-cotta\/","url":"https:\/\/pascoal.pt\/Psc\/produtos\/sobremesas\/panna-cotta\/","name":"Panna Cotta - \u00c9 bom, \u00e9 Pascoal.","isPartOf":{"@id":"https:\/\/pascoal.pt\/Psc\/#website"},"datePublished":"2018-10-23T07:42:34+00:00","dateModified":"2018-11-05T09:47:33+00:00","description":"A Panna Cotta Pascoal \u00e9 uma sobremesa deliciosa que pode ser complementada com um couli de fruta a gosto, para um perfeito final de refei\u00e7\u00e3o.","breadcrumb":{"@id":"https:\/\/pascoal.pt\/Psc\/produtos\/sobremesas\/panna-cotta\/#breadcrumb"},"inLanguage":"pt-PT","potentialAction":[{"@type":"ReadAction","target":["https:\/\/pascoal.pt\/Psc\/produtos\/sobremesas\/panna-cotta\/"]}]},{"@type":"BreadcrumbList","@id":"https:\/\/pascoal.pt\/Psc\/produtos\/sobremesas\/panna-cotta\/#breadcrumb","itemListElement":[{"@type":"ListItem","position":1,"name":"In\u00edcio","item":"https:\/\/pascoal.pt\/Psc\/"},{"@type":"ListItem","position":2,"name":"Produtos","item":"https:\/\/pascoal.pt\/Psc\/produtos\/"},{"@type":"ListItem","position":3,"name":"Sobremesas","item":"https:\/\/pascoal.pt\/Psc\/produtos\/sobremesas\/"},{"@type":"ListItem","position":4,"name":"Panna Cotta"}]},{"@type":"WebSite","@id":"https:\/\/pascoal.pt\/Psc\/#website","url":"https:\/\/pascoal.pt\/Psc\/","name":"Pascoal","description":"Bacalhau \u00e9 Pascoal","potentialAction":[{"@type":"SearchAction","target":{"@type":"EntryPoint","urlTemplate":"https:\/\/pascoal.pt\/Psc\/?s={search_term_string}"},"query-input":"required name=search_term_string"}],"inLanguage":"pt-PT"}]}},"_links":{"self":[{"href":"https:\/\/pascoal.pt\/Psc\/wp-json\/wp\/v2\/pages\/1108"}],"collection":[{"href":"https:\/\/pascoal.pt\/Psc\/wp-json\/wp\/v2\/pages"}],"about":[{"href":"https:\/\/pascoal.pt\/Psc\/wp-json\/wp\/v2\/types\/page"}],"author":[{"embeddable":true,"href":"https:\/\/pascoal.pt\/Psc\/wp-json\/wp\/v2\/users\/1"}],"replies":[{"embeddable":true,"href":"https:\/\/pascoal.pt\/Psc\/wp-json\/wp\/v2\/comments?post=1108"}],"version-history":[{"count":1,"href":"https:\/\/pascoal.pt\/Psc\/wp-json\/wp\/v2\/pages\/1108\/revisions"}],"predecessor-version":[{"id":1109,"href":"https:\/\/pascoal.pt\/Psc\/wp-json\/wp\/v2\/pages\/1108\/revisions\/1109"}],"up":[{"embeddable":true,"href":"https:\/\/pascoal.pt\/Psc\/wp-json\/wp\/v2\/pages\/785"}],"wp:attachment":[{"href":"https:\/\/pascoal.pt\/Psc\/wp-json\/wp\/v2\/media?parent=1108"}],"curies":[{"name":"wp","href":"https:\/\/api.w.org\/{rel}","templated":true}]}}